he highest common divisor of x and 2.
2
Let u(q) = -q**3 - 7*q**2 + 6. Let w be u(-7). Calculate the greatest common factor of w and 6.
6
Suppose 14 = -f + 50. Calculate the greatest common divisor of f and 90.
18
Let q = -7 - -10. Let h = 5 - q. Suppose l + 6 - 3 = 0, -5 = -h*j - 3*l. Calculate the greatest common factor of j and 35.
7
Suppose -3*l = 3*g - 33, -29 = -2*l + g + 4*g. What is the greatest common divisor of 3 and l?
3
Let k be ((-3)/4)/(3/(-48)). Suppose -2*u = -2*z + u, -z = -u - 1. Calculate the greatest common factor of z and k.
3
Suppose -10 + 2 = -4*n. Suppose 2*r - 10 = -3*r, l = -r + n. Suppose -4*w - w + 80 = l. What is the highest common divisor of w and 144?
16
Let p = 20 + -12. Let l be (-439)/(-4) + 2/p. What is the greatest common divisor of l and 10?
10
Let t = 358 + -214. Calculate the greatest common divisor of 18 and t.
18
Let q be 27/21 - 4/14. Let w = q - 3. Let d be (w/3)/(1/(-15)). Calculate the highest common factor of d and 80.
10
Let w be (-96)/(-2)*((-52)/8 - -7). Let a = 7 - 3. Calculate the greatest common divisor of a and w.
4
Let n(j) = -j**3 + 21*j**2 - 19*j - 8. Let x be n(20). Calculate the greatest common factor of 28 and x.
4
Let i be -2 + (2/(-6))/(8/(-1392)). Calculate the highest common divisor of i and 7.
7
Let s(r) = 3*r**2 - 3*r + 1. Let u = -3 - -5. Let f be s(u). Calculate the greatest common factor of 63 and f.
7
Suppose 2*j + 3*w - 24 - 9 = 0, 4*j - w - 45 = 0. Calculate the greatest common divisor of 8 and j.
4
Let p = 44 + 19. Suppose 2*v + 2*g - 60 = -0*g, -3*v - 5*g = -92. Suppose -o + v = -5*i, -35 - 9 = -4*o + 2*i. What is the highest common divisor of p and o?
9
Let w(y) = y + 3*y - 12 - 2*y - 6*y. Let l be w(-10). Let q = 14 + -7. What is the highest common factor of l and q?
7
Let u be 1/(2/68) + 0. Calculate the greatest common factor of 17 and u.
17
Suppose 3*b = -s + 21, 7*b - 2*b = -3*s + 67. Calculate the greatest common divisor of 24 and s.
24
Let r be (-33)/(-2*1/2). What is the highest common factor of 3 and r?
3
Let y be (-117)/(-5) + 2/(-5). Let i = -3 - -3. Suppose b = -4*x + 182, i*b - 5*b = -4*x + 194. Calculate the greatest common divisor of x and y.
23
Suppose -5*c + 25 = 5*n, n - 33 = -5*c + 4*n. Let j = -8 - c. Let p = -8 - j. What is the highest common factor of p and 30?
6
Let h(t) = t**3 - 3*t**2 - 5*t + 7. Let r be h(5). Suppose -3*x - 143 = -5*n, 4*n - 76 - r = 4*x. Let m = n - 18. What is the highest common factor of m and 13?
13
Let o = -2 + 6. Let g be (-2)/o - 114/(-4). Let x be 8/20 - 416/(-10). What is the greatest common factor of x and g?
14
Let i = -18 + 43. Suppose 2*f = 141 - i. Let k = -28 + f. What is the greatest common divisor of k and 10?
10
Let g(z) = 16*z - 10. Let j be g(5). Calculate the highest common factor of 10 and j.
10
Suppose 2*n - 1302 = -5*t + n, 3*n = -t + 252. Calculate the highest common factor of t and 29.
29
Let i be 4 + 224/36 - 4/18. Calculate the highest common factor of 50 and i.
10
Suppose q - 4*q + 252 = 0. Suppose 2*r - 6*r + q = 0. Calculate the greatest common divisor of 147 and r.
21
Suppose -35 + 4 = f. Let y be f/(-3) - (-3)/(-9). What is the highest common factor of y and 5?
5
Let i(x) = -x**2 - x + 14. Let a be i(0). What is the greatest common divisor of a and 126?
14
Let a(w) = -2*w**3 + 17*w**2 - 5*w - 9. Let j be a(8). Calculate the greatest common factor of 60 and j.
15
Let g = 8 - -6. Suppose 0 = 3*v - 6, 3*l - 6*v + v - 326 = 0. What is the highest common factor of l and g?
14
Suppose 0 = 4*a + 8*a - 36. What is the greatest common factor of a and 6?
3
Suppose 0 = 7*w - 5*w - 12. Calculate the greatest common factor of 48 and w.
6
Suppose -a = 2*a - 39. What is the highest common factor of a and 26?
13
Let x(f) = 27*f**3 - 2*f**2 + 2*f - 1. Let i(d) = -d + 9. Let p be i(8). Let k be x(p). Suppose -k = m - 3*m. Calculate the greatest common divisor of m and 39.
13
Let v(m) = -2*m**2 + 45*m + 11. Let f be v(22). What is the greatest common divisor of 3 and f?
3
Suppose -3*k + 134 = -2*t, 9*k - 4*k + 3*t - 217 = 0. What is the greatest common divisor of k and 22?
22
Suppose 12 = 3*r + r. Suppose 5*h = -3*u + 60, 3*h + h + 60 = r*u. Calculate the greatest common divisor of 5 and u.
5
Suppose 119 = 4*k + 15. What is the highest common factor of k and 65?
13
Let z(x) = -x + 3*x + 1 + 3 + x**2. Let q be z(-4). Let o = -6 + 14. What is the greatest common factor of o and q?
4
Suppose -4*v - 5 = -5*v. Suppose s + 57 = v*n, 3*n + 2*s = 2 + 40. What is the greatest common factor of 84 and n?
12
Let i(p) = 5*p**2 - 6*p - 7. Let j be i(-6). Let c = j + -121. Calculate the greatest common divisor of 8 and c.
8
Let b be ((-24)/(-36))/((-160)/(-78) - 2). Calculate the greatest common factor of b and 117.
13
Let m = -8 + 11. Suppose -3*y + 56 = t, m*y + 212 = 3*t + y. Calculate the greatest common factor of t and 17.
17
Let z = 2 - -1. Suppose -m = -3*m - j + 26, -4*m + 56 = z*j. What is the highest common divisor of m and 77?
11
Suppose 3*p = 4 + 14. Let u be (3 - p) + 2 - -16. Calculate the greatest common divisor of 10 and u.
5
Suppose -16 = 3*l + 2*k, k + 4 = -3*l - 10. Let w be (-1 - (l + 2))*9. Calculate the greatest common divisor of 63 and w.
9
Let r(z) = z**3 - 6*z**2 + 7*z - 7. Let v be r(5). Let p be (25 - (2 - v)) + 1. What is the greatest common factor of 18 and p?
9
Let k = -43 + 51. Let j(s) = 87*s + 1. Let c be j(1). What is the highest common divisor of k and c?
8
Suppose 0 = -3*u + 11 - 2. Suppose -u = t - 5. What is the greatest common factor of 8 and t?
2
Let m = 45 - 33. Let u = 66 - 29. Let t = -13 + u. What is the greatest common divisor of m and t?
12
Suppose 0 = -0*w - 2*w + 68. Suppose -c = 3*g + 760, 0*g + 1000 = -4*g + 2*c. Let f = -167 - g. Calculate the greatest common factor of f and w.
17
Let g = -12 - -27. What is the greatest common factor of g and 75?
15
Let y = 32 + -23. Calculate the greatest common factor of y and 18.
9
Let p(n) = 6*n**3 + 3*n**2 - 3*n + 2. Suppose -4*v + 3 + 5 = 0. Let g be p(v). Calculate the highest common divisor of g and 14.
14
Let a be 20*1*-2 + -1. Let p = -63 - a. Let t = p - -112. Calculate the greatest common divisor of 10 and t.
10
Let m = 69 + -58. What is the greatest common divisor of m and 176?
11
Suppose -i + 5*v = 15, -i = -0*i + v - 9. Suppose 10*d - i*d = 0. Suppose -2*l + 8 = 0, 4*k + d*l - 76 = 5*l. What is the highest common divisor of 8 and k?
8
Let g = -7 + 14. Let d(n) = -n + 14. Let a be d(11). Suppose -4*w = -a*u + 88 + 151, -3*w = 6. What is the highest common factor of u and g?
7
Let x be 2 - 1/((-3)/246). Let i be 70/15*18/7. What is the greatest common factor of x and i?
12
Let q = -47 - 68. Let s = q + 302. Let y(h) = h**3 - h**2 + h + 17. Let u be y(0). Calculate the greatest common factor of u and s.
17
Let s be (6/(-9))/(1/((-150)/4)). Calculate the highest common factor of s and 125.
25
Let d(u) = -409*u - 1. Let i be d(-1). Suppose 9*t - 12*t + i = 0. What is the greatest common divisor of 34 and t?
34
Let s(l) = 21*l**3 + l**2 - l + 1. Suppose 0*m = 4*m + 5*p - 19, -p + 4 = m. Let u be s(m). Let g = u - 13. Calculate the greatest common divisor of g and 54.
9
Let w be (-48)/5*(-3)/((-48)/(-40)). Let x be 4 + (-4)/2 + -116. Let k = -78 - x. What is the greatest common factor of k and w?
12
Suppose 5*i = 2*z - 99, -3*z + 131 = -5*i - 10. What is the greatest common factor of z and 14?
14
Let s = -351 + 64. Let l = s + 447. What is the greatest common factor of l and 20?
20
Let c = -15 - -16. What is the greatest common factor of c and 8?
1
Suppose -99 = -68*x + 65*x. What is the greatest common factor of 165 and x?
33
Let y(p) = 6*p - 5. Let j be -3 - (-6 - -1) - -3. Let g be y(j). What is the greatest common divisor of 5 and g?
5
Let d(p) = -5*p**2 - 9*p + 8. Let u(j) = 5*j**2 + 10*j - 9. Let k(f) = -5*d(f) - 4*u(f). Let c be k(-4). Calculate the greatest common factor of c and 7.
7
Let d(n) = -12*n - n - 5 - n**2 - 5. Let a be d(-7). Let c(z) = -z**2 + 8*z + 4. Let q be c(8). What is the highest common factor of a and q?
4
Let x = 71 + -68. What is the highest common divisor of x and 39?
3
Suppose 64 = 3*o - a - a, -3*o + 5*a + 79 = 0. What is the greatest common divisor of 18 and o?
18
Suppose 5*x - d - 30 = 0, 2*x - 3 = 